 is divided by 13285?
362
Calculate the remainder when 3316097 is divided by 219.
218
Calculate the remainder when 7376 is divided by 3685.
6
Calculate the remainder when 9902 is divided by 752.
126
Calculate the remainder when 3587 is divided by 3570.
17
Calculate the remainder when 5074 is divided by 681.
307
Calculate the remainder when 6444 is divided by 7.
4
What is the remainder when 559209 is divided by 174?
147
Calculate the remainder when 1188049 is divided by 19.
17
What is the remainder when 2987 is divided by 985?
32
Calculate the remainder when 46637 is divided by 40.
37
What is the remainder when 216134 is divided by 88?
6
Calculate the remainder when 15376 is divided by 226.
8
What is the remainder when 159003 is divided by 649?
647
What is the remainder when 1297 is divided by 336?
289
Calculate the remainder when 1450 is divided by 478.
16
Calculate the remainder when 32067 is divided by 1684.
71
What is the remainder when 13870 is divided by 1505?
325
What is the remainder when 1230 is divided by 20?
10
Calculate the remainder when 6959 is divided by 1331.
304
Calculate the remainder when 379029 is divided by 68.
65
What is the remainder when 197619 is divided by 24696?
51
Calculate the remainder when 11483 is divided by 116.
115
What is the remainder when 78860 is divided by 408?
116
Calculate the remainder when 515 is divided by 402.
113
Calculate the remainder when 16321 is divided by 1035.
796
What is the remainder when 14979 is divided by 70?
69
What is the remainder when 45240 is divided by 59?
46
What is the remainder when 279893 is divided by 118?
115
What is the remainder when 22733 is divided by 203?
200
What is the remainder when 15246 is divided by 292?
62
What is the remainder when 51699 is divided by 2871?
21
Calculate the remainder when 1990 is divided by 661.
7
What is the remainder when 27089 is divided by 22?
7
What is the remainder when 3581 is divided by 250?
81
Calculate the remainder when 3710 is divided by 924.
14
Calculate the remainder when 1426682 is divided by 812.
810
What is the remainder when 38348 is divided by 12778?
14
What is the remainder when 21324 is divided by 5331?
0
What is the remainder when 484057 is divided by 49?
35
Calculate the remainder when 1115301 is divided by 17.
16
What is the remainder when 498974 is divided by 992?
990
What is the remainder when 2961 is divided by 38?
35
Calculate the remainder when 12702 is divided by 4226.
24
Calculate the remainder when 864782 is divided by 39.
35
Calculate the remainder when 9951 is divided by 17.
6
What is the remainder when 2696 is divided by 918?
860
Calculate the remainder when 969756 is divided by 88.
84
Calculate the remainder when 152 is divided by 13.
9
What is the remainder when 5490 is divided by 1133?
958
What is the remainder when 5876497 is divided by 460?
457
What is the remainder when 895 is divided by 11?
4
Calculate the remainder when 10967 is divided by 66.
11
Calculate the remainder when 2070 is divided by 2028.
42
What is the remainder when 6487 is divided by 406?
397
What is the remainder when 763 is divided by 478?
285
Calculate the remainder when 15811 is divided by 929.
18
What is the remainder when 691 is divided by 434?
257
Calculate the remainder when 12850 is divided by 293.
251
What is the remainder when 860756 is divided by 1594?
1590
Calculate the remainder when 7342 is divided by 1.
0
What is the remainder when 30265 is divided by 738?
7
What is the remainder when 1628 is divided by 752?
124
What is the remainder when 5013 is divided by 306?
117
What is the remainder when 20152 is divided by 447?
37
What is the remainder when 7780 is divided by 575?
305
Calculate the remainder when 659796 is divided by 17.
9
Calculate the remainder when 14386 is divided by 66.
64
Calculate the remainder when 37299 is divided by 6215.
9
Calculate the remainder when 2377 is divided by 142.
105
Calculate the remainder when 43061 is divided by 957.
953
Calculate the remainder when 20262 is divided by 1060.
122
Calculate the remainder when 2854 is divided by 1496.
1358
Calculate the remainder when 1305 is divided by 117.
18
What is the remainder when 3141763 is divided by 11?
9
What is the remainder when 12985 is divided by 31?
27
Calculate the remainder when 232845 is divided by 588.
585
Calculate the remainder when 24215 is divided by 24083.
132
Calculate the remainder when 2340 is divided by 368.
132
Calculate the remainder when 4018 is divided by 67.
65
Calculate the remainder when 68260 is divided by 22731.
67
Calculate the remainder when 77329 is divided by 71.
10
Calculate the remainder when 668 is divided by 359.
309
Calculate the remainder when 611639 is divided by 90.
89
What is the remainder when 16085 is divided by 2132?
1161
What is the remainder when 11303 is divided by 148?
55
What is the remainder when 2066 is divided by 31?
20
What is the remainder when 783654 is divided by 46?
44
What is the remainder when 270901 is divided by 90296?
13
What is the remainder when 722625 is divided by 19?
17
What is the remainder when 1095 is divided by 133?
31
What is the remainder when 44348 is divided by 64?
60
Calculate the remainder when 1371 is divided by 80.
11
What is the remainder when 3806 is divided by 128?
94
What is the remainder when 10255 is divided by 10245?
10
What is the remainder when 29768 is divided by 622?
534
Calculate the remainder when 2847 is divided by 198.
75
Calculate the remainder when 346746 is divided by 224.
218
Calculate the remainder when 4741474 is divided by 177.
175
What is the remainder when 15356 is divided by 8?
4
Calculate the remainder when 65413 is divided by 21793.
34
What is the remainder when 160105 is divided by 51?
16
Calculate the remainder when 2177950 is divided by 657.
652
What is the remainder when 34273 is divided by 82?
79
What is the remainder when 195589 is divided by 65187?
28
Calculate the remainder when 1092 is divided by 587.
505
Calculate the remainder when 1754 is divided by 461.
371
Calculate the remainder when 47172 is divided by 34.
14
Calculate the remainder when 15254 is divided by 159.
149
What is the remainder when 216874 is divided by 22?
20
Calculate the remainder when 111628 is divided by 111628.
0
What is the remainder when 5846 is divided by 1027?
711
Calculate the remainder when 89626 is divided by 388.
386
What is the remainder when 27024 is divided by 179?
174
What is the remainder when 22295 is divided by 5546?
111
What is the remainder when 2270 is divided by 375?
20
What is the remainder when 1281 is divided by 1117?
164
What is the remainder when 1961214 is divided by 652?
650
What is the remainder when 128914 is divided by 520?
474
Calculate the remainder when 17945 is divided by 2023.
1761
Calculate the remainder when 288301 is divided by 96095.
16
Calculate the remainder when 1447 is divided by 468.
43
Calculate the remainder when 10276 is divided by 348.
184
What is the remainder when 1877 is divided by 584?
125
What is the remainder when 39609 is divided by 34?
33
What is the remainder when 1660 is divided by 511?
127
What is the remainder when 26481 is divided by 26476?
5
What is the remainder when 137369 is divided by 13?
11
What is the remainder when 47581 is divided by 14?
9
Calculate the remainder when 2268264 is divided by 721.
719
Calculate the remainder when 44324 is divided by 44272.
52
Calculate the remainder when 695601 is divided by 12.
9
Calculate the remainder when 410 is divided by 223.
187
What is the remainder when 1054049 is divided by 351?
347
What is the remainder when 1342 is divided by 442?
16
Calculate the remainder when 879 is divided by 625.
254
Calculate the remainder when 5408 is divided by 661.
120
Calculate the remainder when 5557 is divided by 36.
13
What is the remainder when 60170 is divided by 254?
226
What is the remainder when 813 is divided by 724?
89
Calculate the remainder when 678603 is divided by 622.
1
What is the remainder when 100570 is divided by 58?
56
Calculate the remainder when 9178530 is divided by 1238.
1236
What is the remainder when 315918 is divided by 63180?
18
What is the remainder when 16040 is divided by 103?
75
Calculate the remainder when 605931 is divided by 42.
39
Calculate 